 Let x be 7/(b/40) + 0. Suppose -2*u = u - 120. What is the highest common factor of x and u?
8
Let s(v) = -27*v + 12. Let t be s(-2). Let l(i) = -i**3 - 6*i**2 + 4*i + 1. Let m be l(-7). Calculate the greatest common factor of t and m.
22
Let o be (6/15)/(1/135). Suppose -3*b - 100 = 5*v - 1229, 0 = v + 1. What is the highest common factor of o and b?
54
Let n(y) = y**3 - 13*y**2 + 26*y - 2. Let h be n(13). Calculate the greatest common factor of h and 784.
112
Let k be ((160/(-24))/(-10))/((-2)/(-6)). What is the highest common divisor of k and 22?
2
Suppose -14*w + 311 = -333. Calculate the highest common factor of 46 and w.
46
Let h(n) = -n + n + n**2 + 0*n**2 + 4 - 2*n. Let a be h(5). What is the greatest common divisor of 19 and a?
19
Let y(l) = 4*l + 5. Let r be -1 + -2 + 5*2. Let s be y(r). Suppose -4*h - i = -36, -5*h = -2*i + 1 - s. What is the greatest common divisor of h and 24?
8
Suppose -19*u = -32879 - 352. Calculate the greatest common factor of u and 33.
33
Suppose 2*n + 2*u - 10 = 0, -u + 1 = 5*n - 28. Suppose -5*y = 3*w - 21, -n = -0*w - w - 2*y. What is the highest common divisor of 36 and w?
12
Let w = 42 + -38. Suppose -2*p + 116 = -0*p + w*s, -3*p - 3*s = -177. Suppose -j + 3*j = 80. What is the greatest common divisor of j and p?
20
Let v be 21/(-49) - 180/(-28). Calculate the highest common divisor of v and 138.
6
Let n be 216/(-120)*(-10)/3 - -234. What is the highest common divisor of n and 96?
48
Let o = -14 - -8. Let l be o/(-2) - 26/(-2). What is the greatest common factor of 48 and l?
16
Let z be 12/4 - (-5 - -1). Suppose 9*j - z*j = 44. What is the greatest common divisor of 110 and j?
22
Let h be 12/18*(-9)/(-2). Suppose g - 3*g = -8, 12 = 3*z + h*g. Suppose 5*c = -10, -5*k - 4*c + 1 + 1 = z. Calculate the greatest common factor of 8 and k.
2
Suppose -a - 272 = -5*a. Suppose a = 8*c - 60. What is the greatest common factor of 8 and c?
8
Let j(s) = 17*s**2 - 7*s - 95. Let u be j(-5). What is the greatest common divisor of 146 and u?
73
Let l = -637 - -646. Let b(w) = -2*w + 6. Let q be b(-6). What is the highest common divisor of q and l?
9
Suppose -d + 6 = d. Suppose -3*g + 16 = 4, 3*n + 48 = d*g. Let h be -1 - 0 - n - -2. Calculate the highest common factor of h and 65.
13
Let h be 8 + -9 - (-3)/(-1). Let f be 50 - (-9)/(18/h). Let v(q) = q**2 + 2*q - 7. Let i be v(-5). Calculate the highest common divisor of f and i.
8
Let i be -12*((-3)/9)/(1/9). Calculate the greatest common divisor of 9 and i.
9
Let s = -61 - -58. Let w be (s + 4/8)*12/(-15). What is the highest common divisor of 2 and w?
2
Suppose -7*c + 2*c + 1531 = -2*u, -900 = -3*c - 5*u. Suppose 2*f - 250 = -4*h, -5*h + 5*f - c = -10*h. Calculate the highest common divisor of h and 32.
32
Let c = -10506 + 10662. Suppose 3*p = 5*p - 52. Calculate the highest common factor of p and c.
26
Let r be (-14)/(-18) + 6/27. Let u be (24 - (0 + r)) + 3. Calculate the greatest common divisor of u and 26.
26
Let n = -43 - -153. Suppose 0 = 4*u - 9*u + n. Calculate the highest common divisor of 176 and u.
22
Let a = -11 + 11. Let v(l) = l**3 - l**2 - l + 7. Let y be v(a). What is the greatest common divisor of y and 7?
7
Let r be 22/((3 - 76/12) + 4). Suppose r = b - o + 6*o, -4*b + 2*o + 22 = 0. Calculate the greatest common divisor of b and 40.
8
Let h(y) = 13*y + 23. Let o be h(10). What is the greatest common factor of 9 and o?
9
Let a(v) = 2*v**2 - 3*v. Let d be a(2). Suppose -2*n - h + 0*h - 20 = 0, 2*n - h = -16. Let c = d - n. Calculate the highest common divisor of 88 and c.
11
Suppose 0 = -8*r + r + 2205. Suppose r = 34*i - 29*i. Calculate the greatest common divisor of i and 21.
21
Let l(x) = x**2 + 10*x + 2. Let r be l(-10). Suppose 13 = -r*i + 229. What is the highest common factor of 12 and i?
12
Let v = -6808 - -6809. Let l be 93/9 - (-4)/6. Calculate the greatest common divisor of v and l.
1
Suppose 8*m - 93 = -2*p + 3*m, -2*m = -5*p + 247. What is the greatest common factor of 63 and p?
7
Let w = -42 - -27. Let l be w/(-1) + (-2)/(0 - 1). What is the highest common factor of l and 187?
17
Let b = -40 - -118. Let s(h) = h**2 - 3*h + 6. Let l be s(3). What is the greatest common factor of b and l?
6
Suppose -t + 91 = 8. Let d = t + -80. Calculate the greatest common factor of d and 3.
3
Let c = 240 - 80. Calculate the greatest common factor of 96 and c.
32
Let y = -182 + 656. What is the greatest common factor of 6 and y?
6
Let o be (-15 - -15)/(-1 - -2). Suppose q - 6 = -o. Let u be 213/q - 2/(-4). Calculate the highest common divisor of 18 and u.
18
Let r(i) = 9*i**2 + 3*i - 2. Let z = 19 + -18. Let q be r(z). Suppose 4*b - 215 = 2*b - 3*w, 115 = b + 3*w. What is the greatest common factor of b and q?
10
Suppose -h = -5*h. Suppose -o + 59 = 5*b, h = -5*o - 4*b - 0*b + 190. Suppose 5*g - 51 = 119. What is the greatest common factor of g and o?
34
Let v be (-1420)/(-5) + 6 + 16/(-4). Calculate the greatest common divisor of 110 and v.
22
Suppose 0 = -2*k + 4*l + 12, 4*l = 3*l. What is the highest common factor of 42 and k?
6
Let t be (-24)/(-11) - 22/121. Suppose -4*d - 4 = 4*f, -3*f = -4*d + t - 27. What is the highest common divisor of f and 27?
3
Let i be -1*3 - 27/(-9). Let q(z) = z**2 + 2*z - 110. Let t be q(i). Let p be t/(-7) - 10/(-35). What is the greatest common factor of 4 and p?
4
Let c = -38 - -43. Suppose j - 5*f - 189 = 0, 0*j + 2*f - 918 = -c*j. What is the greatest common factor of 23 and j?
23
Suppose 3*z = -q - 6, 3*z = -41*q + 45*q - 21. Calculate the highest common divisor of q and 15.
3
Let d be 9 + -1 + -1 + 0. What is the highest common factor of d and 175?
7
Let x(d) = 10*d - 187. Let z be x(19). What is the highest common divisor of z and 543?
3
Let p be 17/((-952)/(-192)) - (-3)/(-7). What is the greatest common factor of 4 and p?
1
Let p(a) = -a**2 - 3*a + 8. Let r be p(0). What is the greatest common divisor of r and 8?
8
Let n be -1 + 1 + 5 + 184. What is the highest common divisor of 108 and n?
27
Let v be (-20)/(-1)*(-36)/8. Let h = v + 159. Suppose 4*c - 5*d = 59, 0*c - 5*d = 4*c - h. What is the greatest common factor of c and 144?
16
Suppose -3*t + 340 - 37 = 0. Let g = t - -24. What is the highest common divisor of 50 and g?
25
Suppose 0 = -4*z + 233 - 69. Let b = 47 - z. What is the greatest common divisor of 48 and b?
6
Let n be (5 + (-2 - 4))*3162/(-6). What is the greatest common factor of n and 93?
31
Let j = -410 + 431. What is the greatest common factor of j and 609?
21
Suppose -m = -4*m - 3, -292 = -4*y + 4*m. Let t(q) = -28*q + 1296. Let b be t(46). Calculate the highest common factor of y and b.
8
Let r(m) = -8*m**2 - m - 5. Let x be r(-2). Let s = x - -323. Suppose 5*j - 145 = 6*p - p, -2*j - 5*p + 79 = 0. What is the greatest common factor of j and s?
32
Let q(i) = -3 + 5 + 7*i + 4 - i**2 + 2. Let c be q(4). Calculate the greatest common divisor of c and 80.
20
Let v = -369 - -486. What is the greatest common factor of 27 and v?
9
Let y(s) = s**2 - 30*s + 41. Let p be y(29). Let m be 48/10*(-50)/(-4). What is the highest common factor of p and m?
12
Let k(b) = -4*b**3 + b**2 - 2*b + 30. Let j be k(0). What is the highest common divisor of j and 160?
10
Suppose -8*g = -3*g - 135. Let z be (36/(-10))/(20/(-50)). Let k be 1/(z/6) + 5239/39. Calculate the highest common factor of k and g.
27
Let u be (-6)/(-15)*1615/17. Calculate the highest common divisor of 18 and u.
2
Let c(j) = 3*j**3 + 5*j**3 + 3 + 4*j**2 - 9*j**3. Let u be c(3). Let q = 51 + -27. Calculate the greatest common divisor of q and u.
12
Suppose x - 329 = -89. What is the greatest common divisor of x and 15?
15
Let x be 7/2 + 2/(-4). Let d = 110 - 56. Let z = d - 45. What is the highest common factor of x and z?
3
Let c(h) = 2*h**2 - 13*h - 7. Let u be c(7). Suppose k - 75 = -3*o - 0*k, u = o - 5*k - 25. What is the greatest common divisor of 100 and o?
25
Let y(a) = 2*a**2 - 9*a + 48. Let u be y(12). What is the greatest common factor of u and 84?
12
Suppose -2*i - 2*i = 20. Let s be (-32)/(-10) - (-1)/i. Suppose -5 = 5*m, -s*r - r + 5*m = -37. What is the greatest common factor of r and 8?
8
Suppose c = -6*c + 5152. Calculate the greatest common divisor of c and 46.
46
Suppose 4*k = 2*k + 3*d + 521, 4*d - 1360 = -5*k. Calculate the g